{"id":418,"date":"2023-07-25T14:26:50","date_gmt":"2023-07-25T13:26:50","guid":{"rendered":"https:\/\/www.pocitacepardubice.cz\/?page_id=418"},"modified":"2025-09-17T09:02:31","modified_gmt":"2025-09-17T08:02:31","slug":"nabidka-krouzku","status":"publish","type":"page","link":"https:\/\/www.zsplotiste.cz\/?page_id=418","title":{"rendered":"Nab\u00eddka krou\u017ek\u016f"},"content":{"rendered":"\t\t<div data-elementor-type=\"wp-page\" data-elementor-id=\"418\" class=\"elementor elementor-418\">\n\t\t\t\t\t\t\t\t\t<section class=\"elementor-section elementor-top-section elementor-element elementor-element-c18d9cb elementor-section-boxed elementor-section-height-default elementor-section-height-default\" data-id=\"c18d9cb\" data-element_type=\"section\">\n\t\t\t\t\t\t<div class=\"elementor-container elementor-column-gap-default\">\n\t\t\t\t\t<div class=\"elementor-column elementor-col-100 elementor-top-column elementor-element elementor-element-0702787\" data-id=\"0702787\" data-element_type=\"column\">\n\t\t\t<div class=\"elementor-widget-wrap elementor-element-populated\">\n\t\t\t\t\t\t\t\t<div class=\"elementor-element elementor-element-9b0e0b0 elementor-widget elementor-widget-image\" data-id=\"9b0e0b0\" data-element_type=\"widget\" data-widget_type=\"image.default\">\n\t\t\t\t<div class=\"elementor-widget-container\">\n\t\t\t\t\t\t\t\t\t\t\t\t\t\t\t<img fetchpriority=\"high\" decoding=\"async\" width=\"1190\" height=\"1683\" src=\"https:\/\/www.zsplotiste.cz\/wp-content\/uploads\/2025\/09\/krouzky-2025-2026-OPRAVA.jpg\" class=\"attachment-full size-full wp-image-9188\" alt=\"\" srcset=\"https:\/\/www.zsplotiste.cz\/wp-content\/uploads\/2025\/09\/krouzky-2025-2026-OPRAVA.jpg 1190w, https:\/\/www.zsplotiste.cz\/wp-content\/uploads\/2025\/09\/krouzky-2025-2026-OPRAVA-212x300.jpg 212w, https:\/\/www.zsplotiste.cz\/wp-content\/uploads\/2025\/09\/krouzky-2025-2026-OPRAVA-724x1024.jpg 724w, https:\/\/www.zsplotiste.cz\/wp-content\/uploads\/2025\/09\/krouzky-2025-2026-OPRAVA-1086x1536.jpg 1086w, https:\/\/www.zsplotiste.cz\/wp-content\/uploads\/2025\/09\/krouzky-2025-2026-OPRAVA-106x150.jpg 106w\" sizes=\"(max-width: 1190px) 100vw, 1190px\" \/>\t\t\t\t\t\t\t\t\t\t\t\t\t\t\t<\/div>\n\t\t\t\t<\/div>\n\t\t\t\t\t<\/div>\n\t\t<\/div>\n\t\t\t\t\t\t\t<\/div>\n\t\t<\/section>\n\t\t\t\t\t\t\t<\/div>\n\t\t","protected":false},"excerpt":{"rendered":"","protected":false},"author":1,"featured_media":0,"parent":0,"menu_order":0,"comment_status":"closed","ping_status":"closed","template":"","meta":{"footnotes":""},"class_list":["post-418","page","type-page","status-publish","hentry","odd"],"_links":{"self":[{"href":"https:\/\/www.zsplotiste.cz\/index.php?rest_route=\/wp\/v2\/pages\/418","targetHints":{"allow":["GET"]}}],"collection":[{"href":"https:\/\/www.zsplotiste.cz\/index.php?rest_route=\/wp\/v2\/pages"}],"about":[{"href":"https:\/\/www.zsplotiste.cz\/index.php?rest_route=\/wp\/v2\/types\/page"}],"author":[{"embeddable":true,"href":"https:\/\/www.zsplotiste.cz\/index.php?rest_route=\/wp\/v2\/users\/1"}],"replies":[{"embeddable":true,"href":"https:\/\/www.zsplotiste.cz\/index.php?rest_route=%2Fwp%2Fv2%2Fcomments&post=418"}],"version-history":[{"count":22,"href":"https:\/\/www.zsplotiste.cz\/index.php?rest_route=\/wp\/v2\/pages\/418\/revisions"}],"predecessor-version":[{"id":9191,"href":"https:\/\/www.zsplotiste.cz\/index.php?rest_route=\/wp\/v2\/pages\/418\/revisions\/9191"}],"wp:attachment":[{"href":"https:\/\/www.zsplotiste.cz\/index.php?rest_route=%2Fwp%2Fv2%2Fmedia&parent=418"}],"curies":[{"name":"wp","href":"https:\/\/api.w.org\/{rel}","templated":true}]}}