{"id":5000,"date":"2023-08-22T09:16:43","date_gmt":"2023-08-22T08:16:43","guid":{"rendered":"https:\/\/www.pocitacepardubice.cz\/?page_id=5000"},"modified":"2026-01-16T11:15:57","modified_gmt":"2026-01-16T10:15:57","slug":"informace-skolni-jidelny","status":"publish","type":"page","link":"https:\/\/www.zsplotiste.cz\/?page_id=5000","title":{"rendered":"Informace \u0161koln\u00ed j\u00eddelny"},"content":{"rendered":"\t\t<div data-elementor-type=\"wp-page\" data-elementor-id=\"5000\" class=\"elementor elementor-5000\">\n\t\t\t\t\t\t\t\t\t<section class=\"elementor-section elementor-top-section elementor-element elementor-element-d418a62 elementor-section-boxed elementor-section-height-default elementor-section-height-default\" data-id=\"d418a62\" data-element_type=\"section\">\n\t\t\t\t\t\t<div class=\"elementor-container elementor-column-gap-default\">\n\t\t\t\t\t<div class=\"elementor-column elementor-col-100 elementor-top-column elementor-element elementor-element-2db20e5\" data-id=\"2db20e5\" data-element_type=\"column\">\n\t\t\t<div class=\"elementor-widget-wrap elementor-element-populated\">\n\t\t\t\t\t\t\t\t<div class=\"elementor-element elementor-element-b75e909 elementor-widget elementor-widget-heading\" data-id=\"b75e909\" data-element_type=\"widget\" data-widget_type=\"heading.default\">\n\t\t\t\t<div class=\"elementor-widget-container\">\n\t\t\t<h2 class=\"elementor-heading-title elementor-size-default\">Informace \u0161koln\u00ed j\u00eddelny<\/h2>\t\t<\/div>\n\t\t\t\t<\/div>\n\t\t\t\t\t<\/div>\n\t\t<\/div>\n\t\t\t\t\t\t\t<\/div>\n\t\t<\/section>\n\t\t\t\t<section class=\"elementor-section elementor-top-section elementor-element elementor-element-30d356a elementor-section-boxed elementor-section-height-default elementor-section-height-default\" data-id=\"30d356a\" data-element_type=\"section\">\n\t\t\t\t\t\t<div class=\"elementor-container elementor-column-gap-default\">\n\t\t\t\t\t<div class=\"elementor-column elementor-col-100 elementor-top-column elementor-element elementor-element-dbb706b\" data-id=\"dbb706b\" data-element_type=\"column\">\n\t\t\t<div class=\"elementor-widget-wrap elementor-element-populated\">\n\t\t\t\t\t\t\t\t<div class=\"elementor-element elementor-element-2552232 elementor-widget elementor-widget-spacer\" data-id=\"2552232\" data-element_type=\"widget\" data-widget_type=\"spacer.default\">\n\t\t\t\t<div class=\"elementor-widget-container\">\n\t\t\t\t\t<div class=\"elementor-spacer\">\n\t\t\t<div class=\"elementor-spacer-inner\"><\/div>\n\t\t<\/div>\n\t\t\t\t<\/div>\n\t\t\t\t<\/div>\n\t\t\t\t\t<\/div>\n\t\t<\/div>\n\t\t\t\t\t\t\t<\/div>\n\t\t<\/section>\n\t\t\t\t<section class=\"elementor-section elementor-top-section elementor-element elementor-element-26e4e84 elementor-section-boxed elementor-section-height-default elementor-section-height-default\" data-id=\"26e4e84\" data-element_type=\"section\">\n\t\t\t\t\t\t<div class=\"elementor-container elementor-column-gap-default\">\n\t\t\t\t\t<div class=\"elementor-column elementor-col-100 elementor-top-column elementor-element elementor-element-6e659ed\" data-id=\"6e659ed\" data-element_type=\"column\">\n\t\t\t<div class=\"elementor-widget-wrap\">\n\t\t\t\t\t\t\t\t\t<\/div>\n\t\t<\/div>\n\t\t\t\t\t\t\t<\/div>\n\t\t<\/section>\n\t\t\t\t<section class=\"elementor-section elementor-top-section elementor-element elementor-element-d94fc20 elementor-section-boxed elementor-section-height-default elementor-section-height-default\" data-id=\"d94fc20\" data-element_type=\"section\">\n\t\t\t\t\t\t<div class=\"elementor-container elementor-column-gap-default\">\n\t\t\t\t\t<div class=\"elementor-column elementor-col-50 elementor-top-column elementor-element elementor-element-f5754b4\" data-id=\"f5754b4\" data-element_type=\"column\">\n\t\t\t<div class=\"elementor-widget-wrap elementor-element-populated\">\n\t\t\t\t\t\t\t\t<div class=\"elementor-element elementor-element-14fec9b elementor-widget__width-initial elementor-widget elementor-widget-image\" data-id=\"14fec9b\" data-element_type=\"widget\" data-widget_type=\"image.default\">\n\t\t\t\t<div class=\"elementor-widget-container\">\n\t\t\t\t\t\t\t\t\t\t\t\t\t\t\t<img fetchpriority=\"high\" decoding=\"async\" width=\"768\" height=\"446\" src=\"https:\/\/www.zsplotiste.cz\/wp-content\/uploads\/2023\/12\/jidelna1-1.jpg\" class=\"attachment-medium_large size-medium_large wp-image-5298\" alt=\"\" srcset=\"https:\/\/www.zsplotiste.cz\/wp-content\/uploads\/2023\/12\/jidelna1-1.jpg 1703w, https:\/\/www.zsplotiste.cz\/wp-content\/uploads\/2023\/12\/jidelna1-1-300x174.jpg 300w, https:\/\/www.zsplotiste.cz\/wp-content\/uploads\/2023\/12\/jidelna1-1-1024x595.jpg 1024w, https:\/\/www.zsplotiste.cz\/wp-content\/uploads\/2023\/12\/jidelna1-1-1536x892.jpg 1536w, https:\/\/www.zsplotiste.cz\/wp-content\/uploads\/2023\/12\/jidelna1-1-150x87.jpg 150w\" sizes=\"(max-width: 768px) 100vw, 768px\" \/>\t\t\t\t\t\t\t\t\t\t\t\t\t\t\t<\/div>\n\t\t\t\t<\/div>\n\t\t\t\t\t<\/div>\n\t\t<\/div>\n\t\t\t\t<div class=\"elementor-column elementor-col-50 elementor-top-column elementor-element elementor-element-e6b66f6\" data-id=\"e6b66f6\" data-element_type=\"column\">\n\t\t\t<div class=\"elementor-widget-wrap elementor-element-populated\">\n\t\t\t\t\t\t\t\t<div class=\"elementor-element elementor-element-475df04 elementor-widget elementor-widget-text-editor\" data-id=\"475df04\" data-element_type=\"widget\" data-widget_type=\"text-editor.default\">\n\t\t\t\t<div class=\"elementor-widget-container\">\n\t\t\t\t\t\t\t<p>Provoz \u0161koln\u00ed j\u00eddelny<\/p><p><b>8:30 &#8211; 14:30<\/b><\/p><p>V\u00fddej ob\u011bd\u016f Z\u0160<\/p><p><b>11:45 &#8211; 13:45<\/b><\/p><p>V\u00fddej do j\u00eddlonosi\u010d\u016f<\/p><p><b>11:15 &#8211; 11:30<\/b><\/p><p>\u00a0<\/p>\t\t\t\t\t\t<\/div>\n\t\t\t\t<\/div>\n\t\t\t\t\t<\/div>\n\t\t<\/div>\n\t\t\t\t\t\t\t<\/div>\n\t\t<\/section>\n\t\t\t\t<section class=\"elementor-section elementor-top-section elementor-element elementor-element-3e25de5 elementor-section-boxed elementor-section-height-default elementor-section-height-default\" data-id=\"3e25de5\" data-element_type=\"section\">\n\t\t\t\t\t\t<div class=\"elementor-container elementor-column-gap-default\">\n\t\t\t\t\t<div class=\"elementor-column elementor-col-100 elementor-top-column elementor-element elementor-element-dbab70f\" data-id=\"dbab70f\" data-element_type=\"column\">\n\t\t\t<div class=\"elementor-widget-wrap elementor-element-populated\">\n\t\t\t\t\t\t\t\t<div class=\"elementor-element elementor-element-eaef203 elementor-widget__width-initial elementor-widget elementor-widget-text-editor\" data-id=\"eaef203\" data-element_type=\"widget\" data-widget_type=\"text-editor.default\">\n\t\t\t\t<div class=\"elementor-widget-container\">\n\t\t\t\t\t\t\t<p><strong>Ceny ob\u011bd\u016f pro \u0161koln\u00ed rok 2023 \/ 2024<\/strong><\/p><ul><li>\u017d\u00e1ci 7 -10 let\u00a0 \u00a0 \u00a0 \u00a0 \u00a033K\u010d<\/li><li>\u017d\u00e1ci 11-14 let\u00a0 \u00a0 \u00a0 \u00a0 35K\u010d<\/li><li>\u017d\u00e1ci nad 15 let\u00a0 \u00a0 \u00a0 37K\u010d\u00a0<\/li><\/ul>\t\t\t\t\t\t<\/div>\n\t\t\t\t<\/div>\n\t\t\t\t\t<\/div>\n\t\t<\/div>\n\t\t\t\t\t\t\t<\/div>\n\t\t<\/section>\n\t\t\t\t<section class=\"elementor-section elementor-top-section elementor-element elementor-element-41cc2f9 elementor-section-boxed elementor-section-height-default elementor-section-height-default\" data-id=\"41cc2f9\" data-element_type=\"section\">\n\t\t\t\t\t\t<div class=\"elementor-container elementor-column-gap-default\">\n\t\t\t\t\t<div class=\"elementor-column elementor-col-100 elementor-top-column elementor-element elementor-element-4eaeea9\" data-id=\"4eaeea9\" data-element_type=\"column\">\n\t\t\t<div class=\"elementor-widget-wrap elementor-element-populated\">\n\t\t\t\t\t\t\t\t<div class=\"elementor-element elementor-element-7862c82 elementor-widget elementor-widget-spacer\" data-id=\"7862c82\" data-element_type=\"widget\" data-widget_type=\"spacer.default\">\n\t\t\t\t<div class=\"elementor-widget-container\">\n\t\t\t\t\t<div class=\"elementor-spacer\">\n\t\t\t<div class=\"elementor-spacer-inner\"><\/div>\n\t\t<\/div>\n\t\t\t\t<\/div>\n\t\t\t\t<\/div>\n\t\t\t\t\t<\/div>\n\t\t<\/div>\n\t\t\t\t\t\t\t<\/div>\n\t\t<\/section>\n\t\t\t\t<section class=\"elementor-section elementor-top-section elementor-element elementor-element-db3cc00 elementor-section-boxed elementor-section-height-default elementor-section-height-default\" data-id=\"db3cc00\" data-element_type=\"section\">\n\t\t\t\t\t\t<div class=\"elementor-container elementor-column-gap-default\">\n\t\t\t\t\t<div class=\"elementor-column elementor-col-100 elementor-top-column elementor-element elementor-element-f5e8d87\" data-id=\"f5e8d87\" data-element_type=\"column\">\n\t\t\t<div class=\"elementor-widget-wrap elementor-element-populated\">\n\t\t\t\t\t\t\t\t<div class=\"elementor-element elementor-element-0095921 elementor-widget elementor-widget-text-editor\" data-id=\"0095921\" data-element_type=\"widget\" data-widget_type=\"text-editor.default\">\n\t\t\t\t<div class=\"elementor-widget-container\">\n\t\t\t\t\t\t\t<p>V\u00e1\u017een\u00ed rodi\u010de a str\u00e1vn\u00edci.<\/p><p>Do Masarykovy z\u00e1kladn\u00ed \u0161koly se budou dov\u00e1\u017eet j\u00eddla ze \u0161koln\u00ed j\u00eddelny Z\u0160 Pouchov, \u010d\u00edslo za\u0159\u00edzen\u00ed je 4566.<\/p><p>1\/ Ka\u017ed\u00fd str\u00e1vn\u00edk mus\u00ed nejd\u0159\u00edve vyplnit p\u0159ihl\u00e1\u0161ku ke stravov\u00e1n\u00ed.<\/p><p>Na ni krom\u011b z\u00e1kladn\u00edch osobn\u00edch \u00fadaj\u016f vypln\u00ed z\u00e1vazn\u011b dny, ve kter\u00fdch bude pravideln\u011b odeb\u00edrat ob\u011bd.<\/p><p>P\u0159ihl\u00e1\u0161ka, pokud nenahl\u00e1s\u00edte zm\u011bnu, je trval\u00e1, po celou dobu \u0161koln\u00ed doch\u00e1zky, t. j. 1. \u2013 9. t\u0159\u00edda.<\/p><p>V den uveden\u00fd na p\u0159ihl\u00e1\u0161ce mus\u00ed str\u00e1vn\u00edk ob\u011bd odebrat. Pokud se tak nestane, po\u010d\u00edta\u010d zaeviduje ob\u011bd jako neodebranou stravu. Aby nebyly ode\u010dteny pen\u00edze, mus\u00ed b\u00fdt ob\u011bd odhl\u00e1\u0161en.<\/p><p>2\/ Vypln\u011bnou p\u0159ihl\u00e1\u0161ku odevzdejte obratem t\u0159\u00eddn\u00edmu u\u010diteli.<\/p><p>3\/ Ka\u017ed\u00fd str\u00e1vn\u00edk obdr\u017e\u00ed bezkontaktn\u00ed kl\u00ed\u010denku, nebo \u010dipovou kartu, kter\u00e1 plat\u00ed po celou dobu \u0161koln\u00ed doch\u00e1zky.<\/p><p>4\/ Stravn\u00e9 je mo\u017en\u00e9 platit t\u0159emi zp\u016fsoby :<\/p><blockquote><h6>a\/ platba v hotovosti &#8211; plat\u00ed se v Komer\u010dn\u00ed bance, n\u00e1m. Osvoboditel\u016f, nebo na ul. \u010celakovsk\u00e9ho, na \u00fa\u010det\u00a0 z\u00e1kladn\u00ed \u0161koly 115-527060237\/0100,\u00a0 \u010d\u00e1stka nen\u00ed omezena.<\/h6><h6>b\/ jednor\u00e1zov\u00fdm p\u0159\u00edkazem z vlastn\u00edho \u00fa\u010dtu, \u010d\u00e1stka nen\u00ed omezena.<\/h6><h6>c\/ trval\u00fdm p\u0159\u00edkazem z vlastn\u00edho \u00fa\u010dtu se splatnost\u00ed k 25. ka\u017ed\u00e9ho m\u011bs\u00edce.<\/h6><\/blockquote><p>Doporu\u010dujeme zas\u00edlat \u010d\u00e1stku minim\u00e1ln\u011b na jeden kalend\u00e1\u0159n\u00ed m\u011bs\u00edc.<\/p><blockquote><h6>\u00dadaje pro platbu:<\/h6><h6>\u010d\u00edslo \u00fa\u010dtu: 115-527060237\/0100<\/h6><h6>variabiln\u00ed symbol: eviden\u010dn\u00ed \u010d\u00edslo str\u00e1vn\u00edka<\/h6><h6>konstantn\u00ed symbol: 0379<\/h6><\/blockquote><p>5\/ Ka\u017ed\u00fd str\u00e1vn\u00edk m\u00e1 v syst\u00e9mu zalo\u017eeno vlastn\u00ed konto pod sv\u00fdm eviden\u010dn\u00edm \u010d\u00edslem, proto nelze v p\u0159\u00edpad\u011b sourozenc\u016f\u00a0 platit jednou platbou. Plat\u00ed z\u00e1sadn\u011b jeden str\u00e1vn\u00edk \u2013 jedna platba \u2013 eviden\u010dn\u00ed \u010d\u00edslo jako variabiln\u00ed\u00a0 symbol.<\/p><p>6\/Pokud by stav konta neodpov\u00eddal cen\u011b jednoho ob\u011bda, ob\u011bd nebude vyd\u00e1n.<\/p><p>7\/Str\u00e1vn\u00edci jsou na n\u00e1sleduj\u00edc\u00ed obdob\u00ed p\u0159ihl\u00e1\u0161eni automaticky dle \u00fadaj\u016f na p\u0159ihl\u00e1\u0161ce. Odhl\u00e1sit ob\u011bd lze nejd\u00e9le den p\u0159edem do 10.00 hod (do 11.00 telefonicky)! Ka\u017ed\u00fd den se z konta str\u00e1vn\u00edka ode\u010dte cena jednoho p\u0159ihl\u00e1\u0161en\u00e9ho ob\u011bda.<\/p><p>8\/ Za neodhl\u00e1\u0161enou a neodebranou stravu se n\u00e1hrada neposkytuje.<\/p><p>9\/ P\u0159i ztr\u00e1t\u011b \u010dipu se mus\u00ed str\u00e1vn\u00edk p\u0159ihl\u00e1sit u vedouc\u00ed v\u00fddejny, kde dostane n\u00e1hradn\u00ed stravenku. Pokud str\u00e1vn\u00edk \u010dip nenajde, mus\u00ed si zakoupit nov\u00fd.<\/p><p>Odhla\u0161ovat ob\u011bdy je mo\u017en\u00e9 na internetu nebo na telefonech:<\/p><p>\u0160J jih\u00a0 : 495 211 660 \u2013 od 9.30 hod<\/p><p>\u00a0<\/p>\t\t\t\t\t\t<\/div>\n\t\t\t\t<\/div>\n\t\t\t\t<div class=\"elementor-element elementor-element-c7f10ca elementor-widget elementor-widget-spacer\" data-id=\"c7f10ca\" data-element_type=\"widget\" data-widget_type=\"spacer.default\">\n\t\t\t\t<div class=\"elementor-widget-container\">\n\t\t\t\t\t<div class=\"elementor-spacer\">\n\t\t\t<div class=\"elementor-spacer-inner\"><\/div>\n\t\t<\/div>\n\t\t\t\t<\/div>\n\t\t\t\t<\/div>\n\t\t\t\t\t<\/div>\n\t\t<\/div>\n\t\t\t\t\t\t\t<\/div>\n\t\t<\/section>\n\t\t\t\t<section class=\"elementor-section elementor-top-section elementor-element elementor-element-e18aef2 elementor-section-boxed elementor-section-height-default elementor-section-height-default\" data-id=\"e18aef2\" data-element_type=\"section\">\n\t\t\t\t\t\t<div class=\"elementor-container elementor-column-gap-default\">\n\t\t\t\t\t<div class=\"elementor-column elementor-col-100 elementor-top-column elementor-element elementor-element-e22a136\" data-id=\"e22a136\" data-element_type=\"column\">\n\t\t\t<div class=\"elementor-widget-wrap elementor-element-populated\">\n\t\t\t\t\t\t\t\t<div class=\"elementor-element elementor-element-90cd202 elementor-widget elementor-widget-text-editor\" data-id=\"90cd202\" data-element_type=\"widget\" data-widget_type=\"text-editor.default\">\n\t\t\t\t<div class=\"elementor-widget-container\">\n\t\t\t\t\t\t\t<p><a href=\"https:\/\/www.zsplotiste.cz\/wp-content\/uploads\/2026\/01\/Vnitrni-rad-2025-2026.pdf\" target=\"_blank\" rel=\"noopener\">Vnit\u0159n\u00ed \u0159\u00e1d \u0161koln\u00ed j\u00eddelny ke sta\u017een\u00ed<\/a><\/p>\t\t\t\t\t\t<\/div>\n\t\t\t\t<\/div>\n\t\t\t\t\t<\/div>\n\t\t<\/div>\n\t\t\t\t\t\t\t<\/div>\n\t\t<\/section>\n\t\t\t\t\t\t\t<\/div>\n\t\t","protected":false},"excerpt":{"rendered":"<p>Informace \u0161koln\u00ed j\u00eddelny Provoz \u0161koln\u00ed j\u00eddelny 8:30 &#8211; 14:30 V\u00fddej ob\u011bd\u016f Z\u0160 11:45 &#8211; 13:45 V\u00fddej do j\u00eddlonosi\u010d\u016f 11:15 &#8211; 11:30 \u00a0 Ceny ob\u011bd\u016f pro \u0161koln\u00ed rok 2023 \/ 2024 \u017d\u00e1ci 7 -10 let\u00a0 \u00a0 \u00a0 \u00a0 \u00a033K\u010d \u017d\u00e1ci 11-14 let\u00a0 \u00a0 \u00a0 \u00a0 35K\u010d&nbsp;<a href=\"https:\/\/www.zsplotiste.cz\/?page_id=5000\">&hellip;<\/a><\/p>\n","protected":false},"author":1,"featured_media":0,"parent":0,"menu_order":0,"comment_status":"closed","ping_status":"closed","template":"","meta":{"footnotes":""},"class_list":["post-5000","page","type-page","status-publish","hentry","odd"],"_links":{"self":[{"href":"https:\/\/www.zsplotiste.cz\/index.php?rest_route=\/wp\/v2\/pages\/5000","targetHints":{"allow":["GET"]}}],"collection":[{"href":"https:\/\/www.zsplotiste.cz\/index.php?rest_route=\/wp\/v2\/pages"}],"about":[{"href":"https:\/\/www.zsplotiste.cz\/index.php?rest_route=\/wp\/v2\/types\/page"}],"author":[{"embeddable":true,"href":"https:\/\/www.zsplotiste.cz\/index.php?rest_route=\/wp\/v2\/users\/1"}],"replies":[{"embeddable":true,"href":"https:\/\/www.zsplotiste.cz\/index.php?rest_route=%2Fwp%2Fv2%2Fcomments&post=5000"}],"version-history":[{"count":10,"href":"https:\/\/www.zsplotiste.cz\/index.php?rest_route=\/wp\/v2\/pages\/5000\/revisions"}],"predecessor-version":[{"id":10282,"href":"https:\/\/www.zsplotiste.cz\/index.php?rest_route=\/wp\/v2\/pages\/5000\/revisions\/10282"}],"wp:attachment":[{"href":"https:\/\/www.zsplotiste.cz\/index.php?rest_route=%2Fwp%2Fv2%2Fmedia&parent=5000"}],"curies":[{"name":"wp","href":"https:\/\/api.w.org\/{rel}","templated":true}]}}